nds digit of 885092262?
2
What is the millions digit of 522301568?
2
What is the thousands digit of 2244530896?
0
What is the ten thousands digit of 748310595?
1
What is the ten millions digit of 1990933537?
9
What is the units digit of 97076646?
6
What is the hundreds digit of 131420759?
7
What is the hundreds digit of 58565156?
1
What is the millions digit of 1797462087?
7
What is the billions digit of 1116173097?
1
What is the tens digit of 1672610389?
8
What is the ten thousands digit of 875474338?
7
What is the ten millions digit of 170251254?
7
What is the tens digit of 57132421?
2
What is the ten thousands digit of 500391878?
9
What is the ten thousands digit of 1691855933?
5
What is the hundred thousands digit of 65467801?
4
What is the tens digit of 7490326648?
4
What is the units digit of 2084860859?
9
What is the millions digit of 95230496?
5
What is the tens digit of 247201147?
4
What is the hundred thousands digit of 90387081?
3
What is the ten millions digit of 3176279505?
7
What is the millions digit of 45499019?
5
What is the tens digit of 319359970?
7
What is the hundreds digit of 535279694?
6
What is the tens digit of 54891175?
7
What is the hundreds digit of 890212003?
0
What is the hundred millions digit of 3527174154?
5
What is the tens digit of 11775963?
6
What is the millions digit of 390009548?
0
What is the tens digit of 6498336607?
0
What is the ten millions digit of 5001210513?
0
What is the ten millions digit of 396891359?
9
What is the hundreds digit of 11947609?
6
What is the hundred thousands digit of 189083968?
0
What is the tens digit of 209700496?
9
What is the tens digit of 244540809?
0
What is the tens digit of 254320072?
7
What is the hundreds digit of 115843383?
3
What is the billions digit of 1116885721?
1
What is the ten thousands digit of 302240536?
4
What is the hundred thousands digit of 83887872?
8
What is the hundred thousands digit of 331260987?
2
What is the units digit of 70291836?
6
What is the tens digit of 587290688?
8
What is the hundred thousands digit of 42820286?
8
What is the hundreds digit of 2904200532?
5
What is the thousands digit of 59969538?
9
What is the ten thousands digit of 793350?
9
What is the hundreds digit of 947593928?
9
What is the millions digit of 40883577?
0
What is the units digit of 228394504?
4
What is the ten thousands digit of 188236315?
3
What is the tens digit of 199619249?
4
What is the millions digit of 53045335?
3
What is the millions digit of 540260865?
0
What is the tens digit of 424484696?
9
What is the units digit of 7943648?
8
What is the thousands digit of 467988231?
8
What is the millions digit of 71489035?
1
What is the ten thousands digit of 20723045?
2
What is the ten millions digit of 2357473623?
5
What is the ten millions digit of 2598519990?
9
What is the hundred millions digit of 218316980?
2
What is the thousands digit of 92583651?
3
What is the thousands digit of 3182276?
2
What is the hundreds digit of 3741430608?
6
What is the millions digit of 5913764842?
3
What is the thousands digit of 1684724144?
4
What is the hundreds digit of 1593373188?
1
What is the millions digit of 1666371?
1
What is the hundred thousands digit of 2640740619?
7
What is the tens digit of 57636073?
7
What is the hundred thousands digit of 90956074?
9
What is the millions digit of 108352762?
8
What is the ten millions digit of 68414569?
6
What is the ten thousands digit of 152267344?
6
What is the hundred thousands digit of 50806739?
8
What is the hundred millions digit of 224389581?
2
What is the tens digit of 8601796?
9
What is the tens digit of 4067555696?
9
What is the hundreds digit of 501983802?
8
What is the hundred millions digit of 277250921?
2
What is the hundred thousands digit of 189839956?
8
What is the thousands digit of 195527648?
7
What is the hundred millions digit of 195095050?
1
What is the units digit of 385691305?
5
What is the millions digit of 5221942481?
1
What is the units digit of 46950260?
0
What is the tens digit of 735298795?
9
What is the units digit of 80813095?
5
What is the millions digit of 2813239021?
3
What is the tens digit of 522365192?
9
What is the millions digit of 6693464?
6
What is the ten millions digit of 1801810614?
0
What is the ten thousands digit of 624593925?
9
What is the units digit of 456992277?
7
What is the tens digit of 75889126?
2
What is the hundred thousands digit of 287831707?
8
What is the hundred millions digit of 1349137128?
3
What is the millions digit of 120162733?
0
What is the ten millions digit of 130492745?
3
What is the millions digit of 3026153811?
6
What is the hundreds digit of 2634351300?
3
What is the tens digit of 732544206?
0
What is the units digit of 180123237?
7
What is the tens digit of 5897688?
8
What is the billions digit of 2022749097?
2
What is the hundred thousands digit of 650687071?
6
What is the ten millions digit of 18853113?
1
What is the thousands digit of 16938264?
8
What is the hundred thousands digit of 5879761089?
7
What is the thousands digit of 195669805?
9
What is the ten millions digit of 716715107?
1
What is the ten thousands digit of 57858196?
5
What is the units digit of 1300070138?
8
What is the ten millions digit of 677831601?
7
What is the tens digit of 43032666?
6
What is the hundred thousands digit of 15177054?
1
What is the ten thousands digit of 22317858?
1
What is the units digit of 597904586?
6
What is the tens digit of 89753620?
2
What is the ten millions digit of 5055942172?
5
What is the millions digit of 4583473870?
3
What is the units digit of 301757922?
2
What is the ten thousands digit of 61713758?
1
What is the hundred thousands digit of 748416331?
4
What is the millions digit of 1726459693?
6
What is the units digit of 67025207?
7
What is the hundred millions digit of 1581977820?
5
What is the ten millions digit of 506168198?
0
What is the millions digit of 26267093?
6
What is the hundred millions digit of 189830329?
1
What is the tens digit of 164982505?
0
What is the units digit of 70543248?
8
What is the units digit of 171738138?
8
What is the tens digit of 643183018?
1
What is the millions digit of 3081486535?
1
What is the units digit of 67372604?
4
What is the tens digit of 3171299588?
8
What is the thousands digit of 353902296?
2
What is the hundreds digit of 9322327?
3
What is the units digit of 3331887646?
6
What is the hundred millions digit of 4963272002?
9
What is the tens digit of 545450952?
5
What is the millions digit of 477578371?
7
What is the millions digit of 418183875?
8
What is the hundred millions digit of 6190003661?
1
What is the ten millions digit of 510101348?
1
What is the ten millions digit of 293613336?
9
What is the hundreds digit of 4460795067?
0
What is the tens digit of 44416338?
3
What is the ten thousands digit of 603208711?
0
What is the thousands digit of 1047306027?
6
What is the thousands digit of 10158989?
8
What is the thousands digit of 942892447?
2
What is the millions digit of 585381021?
5
What is the hundred thousands digit of 124730024?
7
What is the units digit of 59800632?
2
What is the millions digit of 9499390?
9
What is the hundreds digit of 5106917821?
8
What is the hundred thousands digit of 46029789?
0
What is the millions digit of 1651219?
1
What is the ten thousands digit of 47228718?
2
What is the thousands digit of 2401801556?
1
What is the millions digit of 89710307?
9
What is the hundred thousands digit of 67447640?
4
What is the hundred millions digit of 4980538164?
9
What is the hundreds digit of 360558006?
0
What is the millions digit of 7988363?
7
What is the ten thousands digit of 60651433?
5
What is the ten millions digit of 2087136063?
8
What is the ten millions digit of 751679808?
5
What is the hundred thousands digit of 2829689127?
6
What is the millions digit of 2052138271?
2
What is the units digit of 163306130?
0
What is the ten millions digit of 685864854?
8
What is the units digit of 4197757?
7
What is the millions digit of 130082478?
0
What is the hundreds digit of 607042172?
1
What is the ten thousands digit of 164734464?
3
What is the tens digit of 39560974?
7
What is the tens digit of 4740133896?
9
What is the hundreds digit of 247744399?
3
What is the hundred millions